ivided by 364?
60
Calculate the remainder when 5405 is divided by 2.
1
Calculate the remainder when 30059 is divided by 221.
3
Calculate the remainder when 1865986 is divided by 164.
158
Calculate the remainder when 79780 is divided by 81.
76
What is the remainder when 69850 is divided by 70?
60
Calculate the remainder when 1890 is divided by 244.
182
Calculate the remainder when 48573 is divided by 326.
325
What is the remainder when 30095 is divided by 12?
11
Calculate the remainder when 225837 is divided by 30.
27
Calculate the remainder when 24825 is divided by 99.
75
What is the remainder when 131249 is divided by 11?
8
Calculate the remainder when 617 is divided by 247.
123
Calculate the remainder when 69458 is divided by 34693.
72
What is the remainder when 4052 is divided by 792?
92
Calculate the remainder when 17613 is divided by 48.
45
What is the remainder when 11048 is divided by 786?
44
What is the remainder when 7129 is divided by 396?
1
Calculate the remainder when 6396 is divided by 64.
60
Calculate the remainder when 3595 is divided by 143.
20
Calculate the remainder when 247804 is divided by 772.
764
What is the remainder when 3666 is divided by 1218?
12
What is the remainder when 23290 is divided by 574?
330
What is the remainder when 3212 is divided by 3169?
43
Calculate the remainder when 274993 is divided by 27.
25
What is the remainder when 66174 is divided by 57?
54
Calculate the remainder when 56269 is divided by 27.
1
What is the remainder when 506976 is divided by 49?
22
What is the remainder when 37410 is divided by 91?
9
What is the remainder when 1395 is divided by 1073?
322
What is the remainder when 1143 is divided by 127?
0
Calculate the remainder when 1624090 is divided by 108272.
10
What is the remainder when 7935 is divided by 882?
879
What is the remainder when 1609179 is divided by 610?
609
Calculate the remainder when 148418 is divided by 410.
408
What is the remainder when 17062 is divided by 42?
10
What is the remainder when 23753 is divided by 62?
7
What is the remainder when 146630 is divided by 1334?
1224
Calculate the remainder when 64955 is divided by 1665.
20
Calculate the remainder when 15452 is divided by 336.
332
Calculate the remainder when 4006 is divided by 204.
130
What is the remainder when 170638 is divided by 10?
8
What is the remainder when 333636 is divided by 333586?
50
Calculate the remainder when 36664 is divided by 1929.
13
What is the remainder when 7047 is divided by 19?
17
Calculate the remainder when 36567 is divided by 4.
3
Calculate the remainder when 1528717 is divided by 9.
4
Calculate the remainder when 2527352 is divided by 953.
949
Calculate the remainder when 64135 is divided by 144.
55
What is the remainder when 336005 is divided by 549?
17
Calculate the remainder when 287331 is divided by 41046.
9
What is the remainder when 2521 is divided by 194?
193
Calculate the remainder when 24897 is divided by 59.
58
Calculate the remainder when 60779 is divided by 331.
206
What is the remainder when 76788 is divided by 246?
36
Calculate the remainder when 13729 is divided by 2924.
2033
What is the remainder when 31765 is divided by 155?
145
Calculate the remainder when 4160 is divided by 1374.
38
What is the remainder when 5856 is divided by 326?
314
What is the remainder when 24317 is divided by 21?
20
Calculate the remainder when 519 is divided by 405.
114
Calculate the remainder when 400974 is divided by 164.
158
What is the remainder when 318882 is divided by 58?
56
Calculate the remainder when 1772 is divided by 882.
8
Calculate the remainder when 330835 is divided by 292.
291
What is the remainder when 73687 is divided by 1249?
1245
Calculate the remainder when 130382 is divided by 14482.
44
What is the remainder when 185666 is divided by 15?
11
What is the remainder when 11850 is divided by 2948?
58
What is the remainder when 171090 is divided by 41?
38
What is the remainder when 22902 is divided by 2505?
357
Calculate the remainder when 13211 is divided by 1220.
1011
Calculate the remainder when 208 is divided by 38.
18
What is the remainder when 214860 is divided by 981?
21
Calculate the remainder when 2777 is divided by 693.
5
What is the remainder when 635112 is divided by 1055?
2
What is the remainder when 154 is divided by 70?
14
Calculate the remainder when 182635 is divided by 187.
123
What is the remainder when 6102 is divided by 72?
54
What is the remainder when 100450 is divided by 28?
14
Calculate the remainder when 5242493 is divided by 448.
445
Calculate the remainder when 171418 is divided by 113.
110
What is the remainder when 4285 is divided by 729?
640
Calculate the remainder when 18451 is divided by 283.
56
Calculate the remainder when 21974 is divided by 478.
464
Calculate the remainder when 8725 is divided by 792.
13
What is the remainder when 5097 is divided by 45?
12
What is the remainder when 3186 is divided by 528?
18
Calculate the remainder when 1697295 is divided by 172.
171
What is the remainder when 5030 is divided by 985?
105
Calculate the remainder when 7035 is divided by 69.
66
What is the remainder when 5951 is divided by 839?
78
Calculate the remainder when 6901 is divided by 99.
70
Calculate the remainder when 1585 is divided by 245.
115
Calculate the remainder when 809 is divided by 516.
293
Calculate the remainder when 293476 is divided by 201.
16
Calculate the remainder when 7665 is divided by 1911.
21
Calculate the remainder when 42446 is divided by 524.
2
Calculate the remainder when 8696 is divided by 869.
6
Calculate the remainder when 189629 is divided by 377.
375
Calculate the remainder when 168307 is divided by 245.
237
Calculate the remainder when 4964 is divided by 106.
88
Calculate the remainder when 18633 is divided by 4651.
29
What is the remainder when 495443 is divided by 602?
599
Calculate the remainder when 419 is divided by 80.
19
Calculate the remainder when 47 is divided by 10.
7
What is the remainder when 327220 is divided by 124?
108
Calculate the remainder when 2899367 is divided by 24.
23
What is the remainder when 41355 is divided by 13783?
6
Calculate the remainder when 14231 is divided by 76.
19
What is the remainder when 8727 is divided by 1906?
1103
What is the remainder when 31893 is divided by 23?
15
Calculate the remainder when 26710 is divided by 99.
79
Calculate the remainder when 219169 is divided by 698.
695
What is the remainder when 286193 is divided by 91?
89
What is the remainder when 2523 is divided by 604?
107
What is the remainder when 389113 is divided by 166?
9
What is the remainder when 8122 is divided by 271?
263
Calculate the remainder when 113013 is divided by 27.
18
What is the remainder when 25052 is divided by 6248?
60
What is the remainder when 43209 is divided by 200?
9
Calculate the remainder when 342858 is divided by 553.
551
Calculate the remainder when 353432 is divided by 26.
14
What is the remainder when 137289 is divided by 17?
14
Calculate the remainder when 296092 is divided by 17417.
3
What is the remainder when 18035 is divided by 42?
17
Calculate the remainder when 11117 is divided by 5.
2
What is the remainder when 3456 is divided by 371?
117
What is the remainder when 14835 is divided by 179?
157
Calculate the remainder when 72258 is divided by 93.
90
Calculate the remainder when 7068 is divided by 114.
0
Calculate the remainder when 129198 is divided by 1345.
78
What is the remainder when 25372 is divided by 147?
88
Calculate the remainder when 33687 is divided by 660.
27
Calculate the remainder when 980685 is divided by 16.
13
Calculate the remainder when 249098 is divided by 94.
92
What is the remainder when 16773 is divided by 119?
113
What is the remainder when 1220 is divided by 1202?
18
Calculate the remainder when 359010 is divided by 119659.
33
Calculate the remainder when 9261 is divided by 2199.
465
Calculate the remainder when 174749 is divided by 344.
341
Calculate the remainder when 102301 is divided by 53.
11
Calculate the remainder when 49400 is divided by 453.
23
What is the remainder when 310063 is divided by 99?
94
What is the remainder when 239051 is divided by 16?
11
What is the remainder when 16590 is divided by 593?
579
What is the remainde